{"id":13289,"date":"2020-09-27T18:43:48","date_gmt":"2020-09-27T17:43:48","guid":{"rendered":"https:\/\/sfam.se\/tidskriften\/?page_id=13289"},"modified":"2020-09-27T18:43:53","modified_gmt":"2020-09-27T17:43:53","slug":"for-fotografer","status":"publish","type":"page","link":"https:\/\/sfam.se\/tidskriften\/for-fotografer\/","title":{"rendered":"F\u00f6r fotografer"},"content":{"rendered":"<div  style='padding-bottom:10px; ' class='av-special-heading av-special-heading-h2  blockquote modern-quote  avia-builder-el-0  el_before_av_textblock  avia-builder-el-first  '><h2 class='av-special-heading-tag '  itemprop=\"headline\"  >F\u00f6r fotografer<\/h2><div class='special-heading-border'><div class='special-heading-inner-border' ><\/div><\/div><\/div>\n<section class=\"av_textblock_section \"  itemscope=\"itemscope\" itemtype=\"https:\/\/schema.org\/CreativeWork\" ><div class='avia_textblock  '   itemprop=\"text\" ><div class=\"introduction\">Det har aldrig funnits s\u00e5 m\u00e5nga kameror ig\u00e5ng som nu \u2013 och aldrig varit s\u00e5 sv\u00e5rt att f\u00e5 bilder av tillr\u00e4ckligt h\u00f6g kvalitet till tidningen!<\/div>\n<div class=\"content\">\n<p>Bilder tas idag oftast med mobiltelefonens kamera. De \u00e4r i allm\u00e4nhet tillr\u00e4ckligt bra f\u00f6r att ge tryckbara bilder. Men det finns n\u00e5gra problem: Dels \u00e4r kamerorna inte speciellt ljusk\u00e4nsliga, och dels f\u00f6rminskas ofta bilderna n\u00e4r de l\u00e4mnar kameran, t.ex. som e-post.<\/p>\n<p><strong>T\u00e4nk d\u00e4rf\u00f6r p\u00e5 detta<\/strong><\/p>\n<ul>\n<li>God belysning kr\u00e4vs, speciellt av ansikten. Portr\u00e4ttbilder tas helst utomhus mot neutral bakgrund.<\/li>\n<li><strong>Originalbilden ska alltid skickas i verklig storlek.\u00a0<\/strong>Enklast \u00e4r att den som tagit bilden ocks\u00e5 skickar in den.<\/li>\n<li>G\u00f6r\u00a0<em>inga \u00e4ndringar<\/em>\u00a0av bilden. Beh\u00f6ver den f\u00f6rb\u00e4ttras, besk\u00e4ras eller dylikt s\u00e5 g\u00f6r v\u00e5r professionella s\u00e4ttare det.<\/li>\n<li>Spara hem bilden i fullformat till datorn. Ge den g\u00e4rna ett bra namn samtidigt. P\u00e5 pc kan du h\u00f6gerklicka p\u00e5 bilden f\u00f6r att se storleken \u2013 den b\u00f6r vara minst 1 MB stor om du gjort r\u00e4tt. P\u00e5 en Mac finns samma information att h\u00e4mta genom h\u00f6gerklick eller i bildprogrammets meny. Ett annat s\u00e4tt \u00e4r att f\u00f6rstora bilden mycket kraftigt. \u00c4r den fortfarande skarp?<\/li>\n<li>\u00d6ppna ett e-brev i din brevl\u00e5da p\u00e5 datorn. Klicka p\u00e5 \u201dbifoga fil\u201d och leta r\u00e4tt p\u00e5 bilden. Skriv in i brevet bildtext (vad\/vilka bilden f\u00f6rest\u00e4ller), fotografens namn och till vilken artikel den h\u00f6r. Skicka till\u00a0<a href=\"https:\/\/web.archive.org\/web\/20171012045332\/mailto:chefredaktor@sfam.se\">chefredaktor@sfam.se<\/a>.<\/li>\n<\/ul>\n<p>\u00c4r bilderna m\u00e5nga och\/eller mycket stora kan det vara b\u00e4ttre att l\u00e4gga bilderna i Dropbox och skicka l\u00e4nken till\u00a0<a href=\"https:\/\/web.archive.org\/web\/20171012045332\/mailto:chefredaktor@sfam.se\">chefredaktor@sfam.se<\/a>. Sprend \u00e4r ett annat gratisalternativ.<\/p>\n<\/div>\n<\/div><\/section>\n","protected":false},"excerpt":{"rendered":"","protected":false},"author":1,"featured_media":0,"parent":0,"menu_order":0,"comment_status":"closed","ping_status":"closed","template":"","meta":{"footnotes":""},"_links":{"self":[{"href":"https:\/\/sfam.se\/tidskriften\/wp-json\/wp\/v2\/pages\/13289"}],"collection":[{"href":"https:\/\/sfam.se\/tidskriften\/wp-json\/wp\/v2\/pages"}],"about":[{"href":"https:\/\/sfam.se\/tidskriften\/wp-json\/wp\/v2\/types\/page"}],"author":[{"embeddable":true,"href":"https:\/\/sfam.se\/tidskriften\/wp-json\/wp\/v2\/users\/1"}],"replies":[{"embeddable":true,"href":"https:\/\/sfam.se\/tidskriften\/wp-json\/wp\/v2\/comments?post=13289"}],"version-history":[{"count":1,"href":"https:\/\/sfam.se\/tidskriften\/wp-json\/wp\/v2\/pages\/13289\/revisions"}],"predecessor-version":[{"id":13291,"href":"https:\/\/sfam.se\/tidskriften\/wp-json\/wp\/v2\/pages\/13289\/revisions\/13291"}],"wp:attachment":[{"href":"https:\/\/sfam.se\/tidskriften\/wp-json\/wp\/v2\/media?parent=13289"}],"curies":[{"name":"wp","href":"https:\/\/api.w.org\/{rel}","templated":true}]}}

För fotografer

<div  style='padding-bottom:10px; ' class='av-special-heading av-special-heading-h2  blockquote modern-quote  avia-builder-el-0  el_before_av_textblock  avia-builder-el-first  '><h2 class='av-special-heading-tag '  itemprop="headline"  >För fotografer</h2><div class='special-heading-border'><div class='special-heading-inner-border' ></div></div></div>
<section class="av_textblock_section "  itemscope="itemscope" itemtype="https://schema.org/CreativeWork" ><div class='avia_textblock  '   itemprop="text" ><div class="introduction">Det har aldrig funnits så många kameror igång som nu – och aldrig varit så svårt att få bilder av tillräckligt hög kvalitet till tidningen!</div>
<div class="content">
<p>Bilder tas idag oftast med mobiltelefonens kamera. De är i allmänhet tillräckligt bra för att ge tryckbara bilder. Men det finns några problem: Dels är kamerorna inte speciellt ljuskänsliga, och dels förminskas ofta bilderna när de lämnar kameran, t.ex. som e-post.</p>
<p><strong>Tänk därför på detta</strong></p>
<ul>
<li>God belysning krävs, speciellt av ansikten. Porträttbilder tas helst utomhus mot neutral bakgrund.</li>
<li><strong>Originalbilden ska alltid skickas i verklig storlek. </strong>Enklast är att den som tagit bilden också skickar in den.</li>
<li>Gör <em>inga ändringar</em> av bilden. Behöver den förbättras, beskäras eller dylikt så gör vår professionella sättare det.</li>
<li>Spara hem bilden i fullformat till datorn. Ge den gärna ett bra namn samtidigt. På pc kan du högerklicka på bilden för att se storleken – den bör vara minst 1 MB stor om du gjort rätt. På en Mac finns samma information att hämta genom högerklick eller i bildprogrammets meny. Ett annat sätt är att förstora bilden mycket kraftigt. Är den fortfarande skarp?</li>
<li>Öppna ett e-brev i din brevlåda på datorn. Klicka på ”bifoga fil” och leta rätt på bilden. Skriv in i brevet bildtext (vad/vilka bilden föreställer), fotografens namn och till vilken artikel den hör. Skicka till <a href="https://web.archive.org/web/20171012045332/mailto:chefredaktor@sfam.se">chefredaktor@sfam.se</a>.</li>
</ul>
<p>Är bilderna många och/eller mycket stora kan det vara bättre att lägga bilderna i Dropbox och skicka länken till <a href="https://web.archive.org/web/20171012045332/mailto:chefredaktor@sfam.se">chefredaktor@sfam.se</a>. Sprend är ett annat gratisalternativ.</p>
</div>
</div></section>
