{"id":13280,"date":"2020-09-27T18:30:50","date_gmt":"2020-09-27T17:30:50","guid":{"rendered":"https:\/\/sfam.se\/tidskriften\/?page_id=13280"},"modified":"2020-09-27T18:44:16","modified_gmt":"2020-09-27T17:44:16","slug":"for-forfattare","status":"publish","type":"page","link":"https:\/\/sfam.se\/tidskriften\/for-forfattare\/","title":{"rendered":"F\u00f6r f\u00f6rfattare"},"content":{"rendered":"<div  style='padding-bottom:10px; ' class='av-special-heading av-special-heading-h2  blockquote modern-quote  avia-builder-el-0  el_before_av_textblock  avia-builder-el-first  '><h2 class='av-special-heading-tag '  itemprop=\"headline\"  >F\u00f6r f\u00f6rfattare<\/h2><div class='special-heading-border'><div class='special-heading-inner-border' ><\/div><\/div><\/div>\n<section class=\"av_textblock_section \"  itemscope=\"itemscope\" itemtype=\"https:\/\/schema.org\/CreativeWork\" ><div class='avia_textblock  '   itemprop=\"text\" ><p><strong>F\u00f6rfattaranvisningarna<\/strong>\u00a0nedan \u00e4r uppdaterade september 2015. Kan h\u00e4mtas som pdf:\u00a0<a href=\"https:\/\/sfam.se\/tidskriften\/forfattaranvisningar-allma%cc%88nmedicin-25-9-2015\/\" target=\"_blank\" rel=\"noopener noreferrer\">Forfattaranvisningar-Allm\u00e4nMedicin-25.9.2015.pdf<\/a><\/p>\n<p><strong>Recensioner:<\/strong>\u00a0Best\u00e4ll recensionsexemplar direkt fr\u00e5n f\u00f6rlaget. Uppge att du ska recensera f\u00f6r Allm\u00e4nMedicin. Meddela samtidigt chefredakt\u00f6ren med ungef\u00e4rlig tidplan.<\/p>\n<p><strong>J\u00e4v:<\/strong>\u00a0H\u00e4mta\u00a0<a href=\"https:\/\/sfam.se\/tidskriften\/javsinventering-am-ifyllbar\/\" target=\"_blank\" rel=\"noopener noreferrer\">J\u00e4vsinventering Allm\u00e4nMedicin<\/a> (ifyllningsbar PDF)<br \/>\n<strong>Fotografier:<\/strong>\u00a0<a href=\"https:\/\/sfam.se\/tidskriften\/for-fotografer\/\" target=\"_blank\" rel=\"noopener\">L\u00e4s anvisningarna<\/a><br \/>\n<strong>Skicka stora bilder:<\/strong>\u00a0<a href=\"https:\/\/www.dropbox.com\/\" target=\"_blank\" rel=\"noopener noreferrer\">Dropbox<\/a>\u00a0eller\u00a0<a href=\"https:\/\/sprend.com\/\" target=\"_blank\" rel=\"noopener noreferrer\">Sprend<br \/>\n<\/a><strong>Manusstopp:<\/strong>\u00a0se utgivningsplanen.<\/p>\n<p>Kontakta chefredakt\u00f6ren<br \/>\n<a href=\"mailto:chefredaktor@sfam.se\">chefredaktor@sfam.se<\/a><\/p>\n<h4 class=\"content-subheader\">Tidskriften Allm\u00e4nMedicin \u2013 f\u00f6rfattaranvisningar<\/h4>\n<p>Senast uppdaterade 25.9.2015<\/p>\n<h4 class=\"content-subheader\">1. Om tidskriften (styrdokument 2015)<\/h4>\n<p>Allm\u00e4nMedicin \u00e4r SFAM:s medlemstidning d\u00e4r allm\u00e4nl\u00e4kare skriver f\u00f6r allm\u00e4nl\u00e4kare om utbildning, fortbildning, forskning, utveckling, medicinska r\u00f6n och debatt inom allm\u00e4nmedicinen.<\/p>\n<p>Allm\u00e4nMedicin \u00e4r frist\u00e5ende fr\u00e5n SFAM:s styrelse och lyder under sedvanlig lagstiftning f\u00f6r tidskrifter. Sedvanliga publicistiska normer f\u00f6ljs.<\/p>\n<p>M\u00e5lgruppen \u00e4r specialister i allm\u00e4nmedicin, l\u00e4kare under utbildning, andra specialistl\u00e4kare, administrat\u00f6rer och politiker.<\/p>\n<p>Tidningen kommer ut med fyra nummer per \u00e5r. Hela tidningen (som pdf-fil) och vissa artiklar publiceras \u00e4ven p\u00e5 www.sfam.se. Aktuella f\u00f6rfattaranvisningar ligger p\u00e5 www.sfam.se. En policy finns f\u00f6r kommentarsfunktionen p\u00e5 www.sfam.se. Vissa artiklar indexeras i SweMed+.<\/p>\n<p>Arbetet med att ta fram tidningen leds av en chefredakt\u00f6r, utsedd av styrelsen, som knyter till sig en redaktion best\u00e5ende av specialister i allm\u00e4nmedicin eller blivande s\u00e5dana.<\/p>\n<p>Chefredakt\u00f6ren ansvarar f\u00f6r att l\u00e4gga upp rutiner f\u00f6r samarbetet med producenten.<\/p>\n<p>Styrelsen utser ansvarig utgivare.<\/p>\n<p>Chefredakt\u00f6ren f\u00f6ljer styrelsens arbete p\u00e5 s\u00e4tt och i omfattning som styrelsen beslutar.<\/p>\n<p>Chefredakt\u00f6ren f\u00e5r ett ekonomiskt anslag att disponera f\u00f6r ink\u00f6p av material till tidningen, redaktionsm\u00f6ten och liknande. F\u00f6r \u00f6vrigt best\u00e4mmer styrelsen \u00f6ver tidningens ekonomi liksom \u00f6ver avtal med producenter.<\/p>\n<h4 class=\"content-subheader\">2. Publicering<\/h4>\n<p>Genom att skicka in manus godk\u00e4nner du att det publiceras s\u00e5v\u00e4l i den tryckta utg\u00e5van av Allm\u00e4nMedicin som elektroniskt p\u00e5 SFAM:s hemsida www.sfam.se. Fotografer och illustrat\u00f6rer ska ha givit tillst\u00e5nd till publicering. Det \u00e4r du som ska kontakta dem om det.<\/p>\n<p>En artikel f\u00e5r normalt inte vara publicerad tidigare i annan tidskrift. Undantag kan g\u00f6ras om det finns s\u00e4rskilda sk\u00e4l. Diskutera med chefredakt\u00f6ren om du har en s\u00e5dan artikel. Om du skickar din artikel till en annan tidskrift efter publicering i AM ska det framg\u00e5 att den f\u00f6rst fanns i AM.<\/p>\n<h4 class=\"content-subheader\">3. Redaktionell bearbetning<\/h4>\n<p>Allt ins\u00e4nt material bearbetas av redaktionen. Chefredakt\u00f6ren tar emot inkommande manuskript och utser en redakt\u00f6r f\u00f6r varje artikel. Redakt\u00f6ren hj\u00e4lper dig med spr\u00e5k och utformning samt h\u00e5ller kontakt med dig ang\u00e5ende \u00e4ndringar och kompletteringar. Chefredakt\u00f6ren l\u00e4mnar godk\u00e4nd slutversion f\u00f6r layout till Mediahuset.<\/p>\n<p>Vid tveksamhet om ett manuskript passar f\u00f6r tidskriften Allm\u00e4nMedicin samr\u00e5der redaktionen om beslut.<\/p>\n<h4 class=\"content-subheader\">4. J\u00e4v, intressekonflikt<\/h4>\n<p>Alla f\u00f6rfattare ska deklarera om det finns j\u00e4v eller intressekonflikt betr\u00e4ffande ins\u00e4nt manuskript. J\u00e4v \u00e4r inte hinder f\u00f6r publicering, men det ska redovisas. Om f\u00f6rfattaren uppger att det inte finns j\u00e4v st\u00e5r det i tidskriften \u201dJ\u00e4v saknas\u201d.<\/p>\n<p>Med j\u00e4v menas att det finns personliga eller professionella omst\u00e4ndigheter eller kommersiella relationer som kan p\u00e5verka trov\u00e4rdigheten eller synen p\u00e5 det aktuella \u00e4mnet. Det kan till exempel g\u00e4lla medverkan i kliniska pr\u00f6vningar, arvoderade uppdrag f\u00f6r f\u00f6retag med m\u00f6jligt kommersiellt intresse av hur data presenteras eller tolkas, eller stort ekonomiskt intresse i s\u00e5dant f\u00f6retag.<\/p>\n<h4 class=\"content-subheader\">5. Redaktionens adress<\/h4>\n<p>Skicka allt material elektroniskt till chefredaktor@sfam.se.<\/p>\n<h4 class=\"content-subheader\">6. Manuskript<\/h4>\n<p>Skicka texten som Word-fil. Skriv med v\u00e4nsterst\u00e4lld text och oj\u00e4mn h\u00f6germarginal. Skicka bilder, tabeller och andra illustrationer som separata filer.<\/p>\n<p>En l\u00e5ng artikel i AM omfattar tre trycksidor. Det motsvarar cirka 12 000 tecken inklusive mellanrum och l\u00e4mpar sig fr\u00e4mst f\u00f6r vetenskapligt material. En kr\u00f6nika, debattartikel eller recension b\u00f6r f\u00e5 rum p\u00e5 en trycksida, dvs. cirka 4\u00a0000 tecken.<\/p>\n<p>En av redakt\u00f6rerna kommer att granska artikeln och hj\u00e4lpa till med utformningen.\u00a0 N\u00e4r inneh\u00e5llet \u00e4r klart g\u00f6r Mediahuset layout.<\/p>\n<p>Uppgift om tid f\u00f6r manusstopp finns p\u00e5 SFAMs hemsida samt i varje nummer av tidskriften.<\/p>\n<h4 class=\"content-subheader\">7. Uppgifter om f\u00f6rfattare<\/h4>\n<p>Ange namn, titel, arbetsplats(er) och e-postadress f\u00f6r samtliga f\u00f6rfattare. Om det \u00e4r flera f\u00f6rfattare, utse en av dem till kontaktperson f\u00f6r all kommunikation med redaktionen.<\/p>\n<p>Ange \u00e4ven postadress till f\u00f6rfattarna. Den publiceras inte i tidningen, men anv\u00e4nds f\u00f6r att skicka tv\u00e5 extra exemplar av det nummer d\u00e4r artikeln \u00e4r publicerad till f\u00f6rfattarna. Fler exemplar kan f\u00e5s om s\u00e5 \u00f6nskas.<\/p>\n<h4 class=\"content-subheader\">8. Artikelns utformning<\/h4>\n<p><strong>Rubrik<\/strong><\/p>\n<p>Ge f\u00f6rslag till kort, informativ rubrik. Ge g\u00e4rna \u00e4ven f\u00f6rslag till mellanrubriker som kan underl\u00e4tta l\u00e4sbarheten.<\/p>\n<p><strong>Sammanfattning, ingress<\/strong><\/p>\n<p>Skriv g\u00e4rna f\u00f6rslag till en kort ingress (max fem rader) eller en sammanfattning som kan l\u00e4ggas i en faktaruta. Detta \u00e4r viktigast f\u00f6r artiklar som kan komma att indexeras, dvs. har ett inneh\u00e5ll av varaktig karakt\u00e4r.<\/p>\n<p><strong>Br\u00f6dtext<\/strong><\/p>\n<p>Skriv kort och enkelt. Undvik upprepningar. Fundera p\u00e5 om ord och meningar kan tas bort eller f\u00f6rkortas utan att inneh\u00e5llet f\u00f6rvanskas. Historik och andra bakgrundsfakta kan med f\u00f6rdel l\u00e4ggas som faktaruta. F\u00f6lj vanliga skrivregler (se nedan, punkt 9).<\/p>\n<p><strong>Vetenskapliga texter<\/strong><\/p>\n<p>Ett arbete som varit publicerat i vetenskaplig tidskrift kan h\u00e4r presenteras i lite l\u00e4ttare form, mer ber\u00e4ttande. Dina egna reflektioner omkring ditt arbete, liksom dina tankar om hur fynden kan anv\u00e4ndas inom allm\u00e4nmedicinen, \u00e4r intressanta.<\/p>\n<p>Referat fr\u00e5n ST-uppsatser skrivs i samr\u00e5d med respektive handledare. H\u00e4r kan det, av utbildningssk\u00e4l, finnas fog f\u00f6r att anv\u00e4nda en mer traditionell vetenskaplig utformning.<\/p>\n<p><strong>Recensioner<\/strong><\/p>\n<p>Recensioner av b\u00f6cker ska inneh\u00e5lla f\u00f6rfattarens namn, bokens titel, f\u00f6rlag, utgivnings\u00e5r och ISBN-nummer. Bokens m\u00e5lgrupp b\u00f6r anges, liksom vem den kan rekommenderas till. Lagom storlek \u00e4r en sida, dvs. ca 4 000 tecken.<\/p>\n<p>Recensioner av appar ska f\u00f6lja f\u00f6ljande format. En sida, ca 4\u00a0000 tecken, \u00e4r lagom.<br \/>\n\u2013 Appens namn<br \/>\n\u2013 M\u00e5lgrupp, t.ex. patient, l\u00e4kare, student<br \/>\n\u2013 Syfte<br \/>\n\u2013 Operativsystem eller plattform<br \/>\n\u2013 Pris<br \/>\n\u2013 Utvecklare<br \/>\n\u2013 Beskrivning i fritext: F\u00f6rdelar, nackdelar mm.<br \/>\n\u2013 Kan appen rekommenderas?<\/p>\n<p><strong>Referenser<\/strong><\/p>\n<p>Referenserna st\u00e5r sist i texten i numrerad lista i den ordning de n\u00e4mns i artikeln.<\/p>\n<p>I texten h\u00e4nvisar man till referenserna med nummer inom hakparentes: [xx]. Hakparentes f\u00e5r man genom att trycka p\u00e5 Altgr och parentestecken.\u00a0 F\u00f6r Macintosh: h\u00f6gra Alt-tangenten och parentestecken.<\/p>\n<p>Allm\u00e4nMedicin anv\u00e4nder samma format f\u00f6r referenser som L\u00e4kartidningen. Se L\u00e4kartidningens f\u00f6rfattaranvisningar.<\/p>\n<p>Ibland f\u00e5r inte alla referenser rum i papperstidningen. Markera d\u00e4rf\u00f6r de 3-5 viktigaste. Artikeln kommer att publiceras p\u00e5 hemsidan med samtliga referenser.<\/p>\n<p><strong>Tabeller och figurer<\/strong><\/p>\n<ul>\n<li>Skicka figurer och bilder som separata filer i originalformat (xls, ppt), inte inlagda i texten.<\/li>\n<li>Tabeller b\u00f6r vara skrivna i Excel (eller motsvarande).<\/li>\n<li>Skriv en kort f\u00f6rklarande text, s\u00e5 att l\u00e4saren kan f\u00f6rst\u00e5 tabellen\/figuren utan att l\u00e4sa artikeln. Texten ska vara p\u00e5 svenska.<\/li>\n<li>Numrera tabeller i den ordning de kommer in i texten.\u00a0 Numrera figurer likadant. Allt\u00e5: Tabell 1, Tabell 2 \u2026 och Figur 1, Figur 2 \u2026<\/li>\n<\/ul>\n<p><strong>Fotografier och andra bilder<\/strong><\/p>\n<ul>\n<li>Skicka f\u00f6rfattarportr\u00e4tt, om det inte redan finns i tidskriftens arkiv. Det f\u00e5r g\u00e4rna vara lite okonventionellt.<\/li>\n<li>Skicka g\u00e4rna andra fotografier eller bilder som illustrationer till artikeln<\/li>\n<li>Skicka bilder i\u00a0<strong>originalstorlek<\/strong>\u00a0som separata filer i n\u00e5got bildformat, exempelvis jpg, gif eller tiff. De ska ha s\u00e5 h\u00f6g uppl\u00f6sning som m\u00f6jligt f\u00f6r att bli bra i tryck \u2013 helst minst 1 MB. I de flesta e-postprogram kan man v\u00e4lja \u201dverkligt format\u201d n\u00e4r man bifogar bilder. Bilder tagna med mobilkamera kan f\u00f6ras \u00f6ver i fullformat till dator och sedan skickas som bifogad fil till e-brev. \u00c4r de f\u00f6r stora att bifoga som filer kan Sprend eller Dropbox anv\u00e4ndas.<\/li>\n<li>Ange vem eller vad bilden f\u00f6rest\u00e4ller samt fotografens namn. Fotografen ska l\u00e4mna tillst\u00e5nd till publicering i AM.<\/li>\n<li>Skicka bildtexter och se till att det \u00e4r tydligt vilken text och bild som h\u00f6r ihop.<\/li>\n<\/ul>\n<p>Se \u00e4ven separata\u00a0<a href=\"https:\/\/www.sfam.se\/tidskriften\/for-fotografer\/\" target=\"_blank\" rel=\"noopener noreferrer\">anvisningar<\/a>.<\/p>\n<h4 class=\"content-subheader\">9. Skrivregler<\/h4>\n<ul>\n<li>Bra kortfattade anvisningar f\u00f6r spr\u00e5k i tidningstext finns p\u00e5 TTs hemsida, http:\/\/tt.se\/tt-spraket\/. F\u00f6lj dem!<\/li>\n<li>Regler f\u00f6r svensk stavning finns i Svenska akademins ordlista, SAOL, som finns p\u00e5 n\u00e4tet.<\/li>\n<li>Regler f\u00f6r stavning av medicinska facktermer finns i Medicinsk terminologi av Bengt Lindskog. Senaste upplaga 2008.<\/li>\n<li>Undvik f\u00f6rkortningar. Skriv bland annat, cirka, till exempel, inte bl.a. c:a t.ex. Ibland kan det vara l\u00e4mpligt att f\u00f6rkorta en \u00e5terkommande l\u00e5ng fras. D\u00e5 ska f\u00f6rkortningen f\u00f6rklaras f\u00f6rsta g\u00e5ngen den anv\u00e4nds.<\/li>\n<li>Tal upp till tolv skrivs normalt med bokst\u00e4ver i l\u00f6pande text. Se vidare TT-spr\u00e5ket om sifferuttryck.<\/li>\n<li>Anv\u00e4nd de svenska generiska l\u00e4kemedelsnamnen.<\/li>\n<li>Undvik fotnoter. Anv\u00e4nd hellre faktarutor.<\/li>\n<\/ul>\n<\/div><\/section>\n","protected":false},"excerpt":{"rendered":"","protected":false},"author":1,"featured_media":0,"parent":0,"menu_order":0,"comment_status":"closed","ping_status":"closed","template":"","meta":{"footnotes":""},"_links":{"self":[{"href":"https:\/\/sfam.se\/tidskriften\/wp-json\/wp\/v2\/pages\/13280"}],"collection":[{"href":"https:\/\/sfam.se\/tidskriften\/wp-json\/wp\/v2\/pages"}],"about":[{"href":"https:\/\/sfam.se\/tidskriften\/wp-json\/wp\/v2\/types\/page"}],"author":[{"embeddable":true,"href":"https:\/\/sfam.se\/tidskriften\/wp-json\/wp\/v2\/users\/1"}],"replies":[{"embeddable":true,"href":"https:\/\/sfam.se\/tidskriften\/wp-json\/wp\/v2\/comments?post=13280"}],"version-history":[{"count":4,"href":"https:\/\/sfam.se\/tidskriften\/wp-json\/wp\/v2\/pages\/13280\/revisions"}],"predecessor-version":[{"id":13292,"href":"https:\/\/sfam.se\/tidskriften\/wp-json\/wp\/v2\/pages\/13280\/revisions\/13292"}],"wp:attachment":[{"href":"https:\/\/sfam.se\/tidskriften\/wp-json\/wp\/v2\/media?parent=13280"}],"curies":[{"name":"wp","href":"https:\/\/api.w.org\/{rel}","templated":true}]}}