{"id":13266,"date":"2024-04-01T17:59:00","date_gmt":"2024-04-01T16:59:00","guid":{"rendered":"https:\/\/sfam.se\/tidskriften\/?page_id=13266"},"modified":"2024-05-10T16:18:37","modified_gmt":"2024-05-10T15:18:37","slug":"hem","status":"publish","type":"page","link":"https:\/\/sfam.se\/tidskriften\/","title":{"rendered":"Hem"},"content":{"rendered":"<div class=\"flex_column av_two_fifth  flex_column_div av-zero-column-padding first  avia-builder-el-0  el_before_av_one_fourth  avia-builder-el-first  \" style='border-radius:0px; '><p><div  style='padding-bottom:10px; ' class='av-special-heading av-special-heading-h2  blockquote modern-quote  avia-builder-el-1  el_before_av_textblock  avia-builder-el-first  '><h2 class='av-special-heading-tag '  itemprop=\"headline\"  >Allm\u00e4nMedicin<\/h2><div class='special-heading-border'><div class='special-heading-inner-border' ><\/div><\/div><\/div><br \/>\n<section class=\"av_textblock_section \"  itemscope=\"itemscope\" itemtype=\"https:\/\/schema.org\/CreativeWork\" ><div class='avia_textblock  '   itemprop=\"text\" ><p>Allm\u00e4nMedicin \u00e4r SFAM:s medlemstidning d\u00e4r allm\u00e4nl\u00e4kare skriver f\u00f6r allm\u00e4nl\u00e4kare.<\/p>\n<p>Fr\u00e5n 2018 finns tidningen som\u00a0<a href=\"https:\/\/allmanmedicin.sfam.se\/\">e-tidning<\/a>. Ladda hem appen och l\u00e4s den i mobilen!\u00a0 \u00a0<a href=\"https:\/\/play.google.com\/store\/apps\/details?id=com.prenly.allmanmedicin\">Android<\/a>\u00a0 \u00a0\u00a0<a href=\"https:\/\/apps.apple.com\/se\/app\/allm%C3%A4nmedicin\/id1496168660\">iOS<\/a><\/p>\n<p>Alla Allm\u00e4nMedicins \u00e5rg\u00e5ngar fr\u00e5n och med 1979 finns <a href=\"https:\/\/sfam.se\/tidskriften\/alla-nummer\/\">h\u00e4r<\/a>.<\/p>\n<p>Vill du f\u00e5 notiser n\u00e4r nya nummer l\u00e4ggs upp kan du ange din e-postadress l\u00e4ngst ner p\u00e5 <a href=\"https:\/\/allmanmedicin.sfam.se\/\">den h\u00e4r sidan<\/a>.<\/p>\n<\/div><\/section><\/p><\/div>\n<div class=\"flex_column av_one_fourth  flex_column_div av-zero-column-padding   avia-builder-el-3  el_after_av_two_fifth  el_before_av_one_third  \" style='border-radius:0px; '><p><div  style='padding-bottom:10px; ' class='av-special-heading av-special-heading-h2  blockquote modern-quote modern-centered  avia-builder-el-4  el_before_av_codeblock  avia-builder-el-first  '><h2 class='av-special-heading-tag '  itemprop=\"headline\"  >Senaste numret<\/h2><div class='special-heading-border'><div class='special-heading-inner-border' ><\/div><\/div><\/div><br \/>\n<br \/>\n<div  style='padding-bottom:10px; ' class='av-special-heading av-special-heading-h3  blockquote modern-quote modern-centered  avia-builder-el-6  el_after_av_codeblock  avia-builder-el-last  '><h3 class='av-special-heading-tag '  itemprop=\"headline\"  >Klicka p\u00e5 bilden<\/h3><div class ='av-subheading av-subheading_below  ' style='font-size:15px;'><p>s\u00e5 kommer du till senaste numret av Allm\u00e4nMedicin.<\/p>\n<\/div><div class='special-heading-border'><div class='special-heading-inner-border' ><\/div><\/div><\/div><\/p><\/div>\n<div class=\"flex_column av_one_third  flex_column_div av-zero-column-padding   avia-builder-el-7  el_after_av_one_fourth  el_before_av_video  \" style='border-radius:0px; '><p><div  class='avia-image-container  av-styling-    avia-builder-el-8  el_before_av_image  avia-builder-el-first  avia-align-center '  itemprop=\"image\" itemscope=\"itemscope\" itemtype=\"https:\/\/schema.org\/ImageObject\"  ><div class='avia-image-container-inner'><div class='avia-image-overlay-wrap'><img decoding=\"async\" class='wp-image-13607 avia-img-lazy-loading-not-13607 avia_image' src=\"https:\/\/sfam.se\/tidskriften\/wp-content\/uploads\/2020\/10\/Allmanmedlogga-300x84.png\" alt='' title='Allmanmedlogga' height=\"84\" width=\"300\"  itemprop=\"thumbnailUrl\" srcset=\"https:\/\/sfam.se\/tidskriften\/wp-content\/uploads\/2020\/10\/Allmanmedlogga-300x84.png 300w, https:\/\/sfam.se\/tidskriften\/wp-content\/uploads\/2020\/10\/Allmanmedlogga-1030x290.png 1030w, https:\/\/sfam.se\/tidskriften\/wp-content\/uploads\/2020\/10\/Allmanmedlogga-80x22.png 80w, https:\/\/sfam.se\/tidskriften\/wp-content\/uploads\/2020\/10\/Allmanmedlogga-768x216.png 768w, https:\/\/sfam.se\/tidskriften\/wp-content\/uploads\/2020\/10\/Allmanmedlogga-1536x432.png 1536w, https:\/\/sfam.se\/tidskriften\/wp-content\/uploads\/2020\/10\/Allmanmedlogga-1500x422.png 1500w, https:\/\/sfam.se\/tidskriften\/wp-content\/uploads\/2020\/10\/Allmanmedlogga-710x200.png 710w, https:\/\/sfam.se\/tidskriften\/wp-content\/uploads\/2020\/10\/Allmanmedlogga-705x198.png 705w, https:\/\/sfam.se\/tidskriften\/wp-content\/uploads\/2020\/10\/Allmanmedlogga.png 1643w\" sizes=\"(max-width: 300px) 100vw, 300px\" \/><\/div><\/div><\/div><br \/>\n<div  class='avia-image-container  av-styling-    avia-builder-el-9  el_after_av_image  el_before_av_heading  sfam-logo-home avia-align-center '  itemprop=\"image\" itemscope=\"itemscope\" itemtype=\"https:\/\/schema.org\/ImageObject\"  ><div class='avia-image-container-inner'><div class='avia-image-overlay-wrap'><a href='http:\/\/sfam.se' class='avia_image' target=\"_blank\" rel=\"noopener noreferrer\"><img decoding=\"async\" width=\"173\" height=\"84\" class='wp-image-13610 avia-img-lazy-loading-not-13610 avia_image' src=\"https:\/\/sfam.se\/tidskriften\/wp-content\/uploads\/2020\/10\/511192a0-61d3-4cc3-b459-d74a38e623b2.png\" alt='' title='511192a0-61d3-4cc3-b459-d74a38e623b2'  itemprop=\"thumbnailUrl\" srcset=\"https:\/\/sfam.se\/tidskriften\/wp-content\/uploads\/2020\/10\/511192a0-61d3-4cc3-b459-d74a38e623b2.png 173w, https:\/\/sfam.se\/tidskriften\/wp-content\/uploads\/2020\/10\/511192a0-61d3-4cc3-b459-d74a38e623b2-80x39.png 80w\" sizes=\"(max-width: 173px) 100vw, 173px\" \/><\/a><\/div><\/div><\/div><br \/>\n<div  style='padding-bottom:10px; ' class='av-special-heading av-special-heading-h4  blockquote modern-quote  avia-builder-el-10  el_after_av_image  el_before_avia_sc_search  '><h4 class='av-special-heading-tag '  itemprop=\"headline\"  >S\u00f6k i tidskrift f\u00f6re 2018<\/h4><div class='special-heading-border'><div class='special-heading-inner-border' ><\/div><\/div><\/div><br \/>\n<div  class='avia_search_element   avia-builder-el-11  el_after_av_heading  el_before_av_textblock '><form action='https:\/\/sfam.se\/tidskriften\/' id='searchform_element' method='get' class='' ><div class='av_searchform_wrapper' ><input type='text' value='' id='s' name='s' placeholder='S\u00f6k'  class='' \/><div class='av_searchsubmit_wrapper' ><input type='submit' value='S\u00f6k' id='searchsubmit' class='button'  \/><\/div><input type='hidden' name='numberposts' value='10' \/><input type='hidden' name='results_hide_fields' value='' \/><\/div><\/form><\/div><br \/>\n<section class=\"av_textblock_section \"  itemscope=\"itemscope\" itemtype=\"https:\/\/schema.org\/CreativeWork\" ><div class='avia_textblock  '   itemprop=\"text\" ><p><a href=\"https:\/\/allmanmedicin.sfam.se\/search?title=all\" target=\"_blank\" rel=\"noopener\">KLICKA H\u00c4R<\/a> f\u00f6r att s\u00f6ka i tidskriften fr\u00e5n 2018 och senare.<\/p>\n<\/div><\/section><\/p><\/div>\n<div  class='avia-video avia-video-16-9   av-lazyload-immediate  av-lazyload-video-embed  '   itemprop=\"video\" itemtype=\"https:\/\/schema.org\/VideoObject\"  data-original_url='https:\/\/youtu.be\/fROyTkoJ0hM' ><script type='text\/html' class='av-video-tmpl'><div class='avia-iframe-wrap'><iframe title=\"En s\u00e5ng f\u00f6r Allm\u00e4nmedicin\" width=\"1500\" height=\"844\" src=\"https:\/\/www.youtube.com\/embed\/fROyTkoJ0hM?feature=oembed&autoplay=0&loop=0&controls=1&mute=0\" frameborder=\"0\" allow=\"accelerometer; autoplay; clipboard-write; encrypted-media; gyroscope; picture-in-picture; web-share\" referrerpolicy=\"strict-origin-when-cross-origin\" allowfullscreen><\/iframe><\/div><\/script><div class='av-click-to-play-overlay'><div class=\"avia_playpause_icon\"><\/div><\/div><\/div>\n","protected":false},"excerpt":{"rendered":"","protected":false},"author":1,"featured_media":0,"parent":0,"menu_order":-1,"comment_status":"closed","ping_status":"closed","template":"","meta":{"footnotes":""},"_links":{"self":[{"href":"https:\/\/sfam.se\/tidskriften\/wp-json\/wp\/v2\/pages\/13266"}],"collection":[{"href":"https:\/\/sfam.se\/tidskriften\/wp-json\/wp\/v2\/pages"}],"about":[{"href":"https:\/\/sfam.se\/tidskriften\/wp-json\/wp\/v2\/types\/page"}],"author":[{"embeddable":true,"href":"https:\/\/sfam.se\/tidskriften\/wp-json\/wp\/v2\/users\/1"}],"replies":[{"embeddable":true,"href":"https:\/\/sfam.se\/tidskriften\/wp-json\/wp\/v2\/comments?post=13266"}],"version-history":[{"count":72,"href":"https:\/\/sfam.se\/tidskriften\/wp-json\/wp\/v2\/pages\/13266\/revisions"}],"predecessor-version":[{"id":14111,"href":"https:\/\/sfam.se\/tidskriften\/wp-json\/wp\/v2\/pages\/13266\/revisions\/14111"}],"wp:attachment":[{"href":"https:\/\/sfam.se\/tidskriften\/wp-json\/wp\/v2\/media?parent=13266"}],"curies":[{"name":"wp","href":"https:\/\/api.w.org\/{rel}","templated":true}]}}